nd 132648?
6
Calculate the highest common divisor of 28812 and 164052.
588
Calculate the greatest common factor of 3092004 and 4908.
12
What is the greatest common factor of 1128 and 269617944?
1128
What is the highest common divisor of 130511 and 1710?
19
Calculate the highest common factor of 3453980 and 65.
5
Calculate the greatest common divisor of 10306289 and 178.
89
What is the highest common divisor of 20 and 2691020260?
20
Calculate the greatest common divisor of 5963234 and 3184.
398
What is the greatest common factor of 18707 and 20852?
13
What is the greatest common factor of 1260550 and 1240150?
850
What is the highest common divisor of 124 and 23342473?
31
Calculate the greatest common divisor of 650 and 733150.
50
What is the greatest common divisor of 8 and 2905490?
2
Calculate the greatest common factor of 384 and 1765500.
12
Calculate the highest common factor of 3404547210 and 393.
393
What is the greatest common factor of 580737 and 40533?
177
Calculate the highest common factor of 904267 and 637.
91
Calculate the highest common factor of 13625 and 33625.
125
Calculate the greatest common divisor of 112 and 185051734.
14
Calculate the greatest common divisor of 265972 and 5598628.
1652
What is the greatest common divisor of 1372 and 405524?
196
What is the highest common divisor of 7334620 and 131300?
2020
Calculate the highest common divisor of 30 and 749010.
30
What is the greatest common divisor of 17440 and 3395350?
1090
What is the highest common divisor of 223850 and 365486?
814
Calculate the greatest common factor of 104914477 and 631.
631
What is the greatest common factor of 40484 and 104458?
58
Calculate the greatest common divisor of 17055 and 14818521.
1137
What is the greatest common divisor of 4857120 and 5520?
240
What is the highest common factor of 22557331 and 58?
29
Calculate the greatest common divisor of 523410 and 10001.
73
What is the highest common factor of 6802750 and 24875?
125
Calculate the highest common divisor of 512 and 1714728.
8
Calculate the greatest common divisor of 64977 and 547203.
537
Calculate the greatest common divisor of 328500 and 3381750.
2250
Calculate the greatest common divisor of 477 and 6892173.
477
What is the highest common divisor of 507 and 385242091?
169
Calculate the greatest common factor of 39275 and 3375.
25
What is the highest common factor of 54898880 and 640?
320
What is the greatest common factor of 4387560 and 45?
15
Calculate the highest common divisor of 3864898 and 21084.
502
What is the greatest common factor of 7307037 and 48?
3
What is the greatest common factor of 5084618 and 48224?
3014
Calculate the greatest common divisor of 280078 and 82.
2
Calculate the highest common divisor of 26434058 and 518.
518
Calculate the greatest common factor of 9050 and 11427254.
362
What is the highest common factor of 675 and 142262352?
27
Calculate the greatest common factor of 890 and 529130.
10
What is the greatest common divisor of 17643131 and 3025?
121
What is the greatest common factor of 3901233 and 1029?
147
What is the highest common factor of 5026 and 2888873?
359
Calculate the highest common factor of 142 and 7474667.
71
What is the highest common divisor of 740888 and 121952?
296
What is the highest common divisor of 57755895 and 15?
15
What is the highest common factor of 4026708 and 580?
116
Calculate the greatest common divisor of 158862301 and 5798.
2899
What is the highest common divisor of 34736 and 10082792?
1336
Calculate the greatest common divisor of 2266274 and 71224.
614
What is the greatest common factor of 26400 and 5004384?
1056
Calculate the greatest common divisor of 21523423 and 9821.
1403
Calculate the highest common divisor of 32 and 9591880.
8
Calculate the highest common factor of 59327702 and 3892.
1946
What is the highest common divisor of 3540 and 4116740?
20
Calculate the highest common divisor of 41667 and 5289258.
2451
What is the greatest common divisor of 9 and 19916460?
9
Calculate the highest common divisor of 15664726 and 66.
22
What is the highest common divisor of 44016 and 51614?
262
Calculate the highest common factor of 507653 and 29467.
373
Calculate the highest common factor of 12 and 976107.
3
Calculate the highest common divisor of 3000 and 11500000.
1000
What is the highest common factor of 927802 and 2765666?
1774
What is the highest common divisor of 41926763 and 106?
53
Calculate the greatest common factor of 35630 and 644037700.
5090
Calculate the greatest common factor of 581 and 17025939.
7
Calculate the highest common factor of 8592 and 600.
24
Calculate the highest common divisor of 5523243 and 299.
23
Calculate the highest common factor of 25 and 761302275.
25
Calculate the greatest common divisor of 109242 and 97776.
126
Calculate the highest common factor of 232 and 2173550.
58
Calculate the greatest common divisor of 457610032 and 484.
44
Calculate the highest common divisor of 24893268 and 2204.
76
Calculate the greatest common divisor of 38861402 and 1861.
1861
What is the greatest common divisor of 1646539804 and 158?
158
Calculate the highest common divisor of 41238 and 20916830.
4582
What is the greatest common divisor of 71532641 and 2326?
1163
What is the greatest common divisor of 148 and 28840316?
148
Calculate the highest common factor of 55440679 and 868.
217
What is the highest common divisor of 8904 and 70861848?
1272
What is the highest common factor of 124687780 and 4662?
518
Calculate the greatest common factor of 25 and 9262441.
1
Calculate the highest common divisor of 634 and 1311429634.
634
Calculate the greatest common factor of 39100 and 3868600.
2300
Calculate the highest common divisor of 64511930 and 1918.
1918
Calculate the highest common divisor of 17883 and 4059.
9
Calculate the greatest common factor of 3707887 and 4216.
17
What is the greatest common factor of 2472 and 601932?
1236
What is the highest common factor of 264 and 35992352?
88
What is the highest common factor of 9435772 and 25491?
293
Calculate the highest common divisor of 124 and 71244.
4
What is the highest common divisor of 40 and 25709240?
40
What is the highest common divisor of 75 and 593357925?
75
Calculate the greatest common divisor of 3546179 and 209.
19
What is the greatest common divisor of 1144825 and 52900?
575
What is the greatest common factor of 44892 and 1986186684?
14964
Calculate the highest common factor of 210245875 and 230.
115
Calculate the greatest common divisor of 115515 and 83385.
765
What is the highest common divisor of 73 and 292770223?
73
Calculate the highest common factor of 173584 and 2352.
16
Calculate the highest common factor of 6115872 and 3857.
133
Calculate the greatest common factor of 735 and 6251040.
15
Calculate the highest common divisor of 2508264 and 259694.
6334
Calculate the highest common factor of 670167489 and 4722.
2361
What is the greatest common factor of 1813 and 20312371?
37
What is the highest common factor of 61270 and 492034862?
12254
Calculate the highest common divisor of 121 and 4283.
1
What is the greatest common factor of 151 and 651414?
151
What is the greatest common factor of 61872 and 1040223?
3867
What is the highest common divisor of 2755354 and 123977?
1393
What is the highest common divisor of 16008 and 290493?
87
Calculate the greatest common factor of 11077 and 7691519.
583
Calculate the highest common divisor of 144743 and 901.
53
Calculate the greatest common factor of 19390908 and 1392.
348
What is the greatest common divisor of 36805 and 439495?
2165
Calculate the greatest common factor of 1288166 and 143.
11
What is the highest common divisor of 1116738 and 2520?
126
What is the highest common divisor of 159543050 and 186?
62
Calculate the greatest common factor of 2012400 and 69316.
2236
Calculate the highest common factor of 6544 and 2935393.
409
What is the greatest common factor of 660576 and 7707?
21
What is the greatest common divisor of 6209 and 168?
7
What is the highest common factor of 21197 and 2397188?
1927
Calculate the greatest common divisor of 79422843 and 58704.
3669
What is the greatest common factor of 7285134 and 36?
6
What is the greatest common divisor of 9441322 and 44?
22
What is the greatest common 